= -444*v**2 + 2*v + 2. Calculate g(-1).
-444
Let f(s) = 22*s**2 + 827*s - 12. Calculate f(-38).
330
Let w(b) = 48*b - 7944. Determine w(165).
-24
Let q(b) = 29*b - 777. Determine q(37).
296
Let h(o) = -o**3 - 115*o**2 + 198*o - 4243. Determine h(-117).
-31
Let n(o) = 2*o**3 + 3*o**2 - 148*o - 196. Give n(-9).
-79
Let g(a) = -a**3 + 7*a**2 + 12*a - 130. What is g(5)?
-20
Let g(c) = -24*c**2 - 1057*c - 36. Calculate g(-44).
8
Let s(h) = -4*h**3 + 19*h**2 + 26*h - 114. What is s(5)?
-9
Let p(g) = -14*g - 23. Give p(-18).
229
Let m(g) = -882*g + 10605. Determine m(12).
21
Let j(t) = t**3 + 8*t**2 + 10*t + 76. Determine j(-7).
55
Let y(a) = 2*a**3 - 41*a**2 + 27*a - 76. Determine y(20).
64
Let g(y) = -367*y - 1833. What is g(-5)?
2
Let p(x) = -218*x - 7194. Determine p(-33).
0
Let a(w) = -688*w - 2697. Calculate a(-4).
55
Let x(f) = -2*f**3 + 88*f**2 - 7*f + 301. Calculate x(44).
-7
Let d(i) = -344*i + 132. Determine d(2).
-556
Let d(s) = -8308*s + 91394. Determine d(11).
6
Let v(k) = -3*k**2 - 45*k + 41. Determine v(-13).
119
Let l(h) = -h**2 + 1485*h + 4463. Give l(-3).
-1
Let v(q) = -5*q**2 - 35*q + 1. Calculate v(-9).
-89
Let a(r) = -658*r + 3459. What is a(5)?
169
Let n(a) = a**3 - 9*a**2 - 12*a + 28. Give n(10).
8
Let q(w) = 123*w**2 - 962*w - 150. Determine q(8).
26
Let g(s) = -s**3 - 10*s**2 - 24*s + 20. What is g(-6)?
20
Let v(w) = 7*w**2 + 432*w + 1271. Give v(-3).
38
Let l(f) = -13*f**3 - 3*f**2 - 6*f + 4. Calculate l(1).
-18
Let p(l) = 8*l**3 - 56*l**2 - 18*l + 127. Determine p(7).
1
Let j(w) = -w**3 + 62*w**2 - 517*w - 35. Determine j(10).
-5
Let n(t) = -29*t - 187. What is n(-7)?
16
Let j(z) = -20*z**2 + 74*z - 45. Determine j(3).
-3
Let z(f) = f**3 + 8*f**2 + 8*f + 20. What is z(-9)?
-133
Let r(m) = -5*m**2 + 105*m - 272. What is r(17)?
68
Let z(v) = -v - 29. Give z(41).
-70
Let m(t) = -t**3 - 24*t**2 + 109*t - 75. Determine m(-28).
9
Let c(n) = 207*n**2 + 1246*n + 20. Determine c(-6).
-4
Let y(i) = i**2 - 22*i + 33. Give y(20).
-7
Let z(u) = u**3 - 59*u**2 + 45*u + 747. Calculate z(58).
-7
Let p(c) = c**3 + 11*c**2 - 188*c + 76. Calculate p(9).
4
Let u(k) = -k**2 - 12*k - 23. Determine u(-13).
-36
Let i(t) = -26*t**2 - 233*t - 471. Give i(-2).
-109
Let c(f) = f**3 + 10*f**2 + 15*f - 18. Calculate c(-8).
-10
Let d(m) = -m**3 + 15*m**2 - 10*m - 69. Calculate d(14).
-13
Let t(n) = -n**2 - 51*n - 257. Give t(-31).
363
Let i(h) = -8*h - 385. Determine i(-33).
-121
Let w(s) = 47*s + 295. Calculate w(-11).
-222
Let u(h) = -7*h**3 + 59*h**2 - 13*h + 18. Give u(8).
106
Let m(x) = 29*x + 259. What is m(-15)?
-176
Let b(j) = -133*j - 2701. Calculate b(-20).
-41
Let d(q) = -545*q - 8738. Calculate d(-16).
-18
Let w(x) = -973*x - 21397. Determine w(-22).
9
Let p(b) = b**3 + 4*b**2 - 55*b + 57. Calculate p(-10).
7
Let f(u) = 2*u**2 + 178*u + 1072. Give f(-6).
76
Let h(v) = 15*v - 10. Determine h(-4).
-70
Let p(d) = d**3 - 80*d**2 - 54*d - 2210. Give p(81).
-23
Let a(l) = 2*l**2 + 23*l - 639. What is a(13)?
-2
Let k(t) = t**2 + 878*t - 8878. Give k(10).
2
Let s(u) = -u**3 - 9*u**2 - 16*u - 348. Give s(-13).
536
Let x(w) = 11*w**2 - 218*w + 970. Determine x(7).
-17
Let m(w) = 3*w**2 + 3*w + 101. Determine m(-7).
227
Let m(j) = -5*j**2 + 998*j - 7648. What is m(8)?
16
Let a(g) = -3440*g + 34399. What is a(10)?
-1
Let p(i) = 228*i - 13708. Calculate p(60).
-28
Let g(f) = f**2 + f + 8. Calculate g(-5).
28
Let b(i) = -3*i**2 + 13*i + 226. Determine b(-8).
-70
Let p(t) = -6*t**2 - 133*t - 510. Give p(-4).
-74
Let r(x) = x**3 - 11*x - 21. Give r(-4).
-41
Let t(v) = 3*v**2 - 540*v - 37041. Calculate t(233).
6
Let j(z) = z**3 - 68*z**2 + 580*z - 52. What is j(58)?
-52
Let y(q) = 3*q**2 + 51*q + 78. Give y(-10).
-132
Let w(m) = 2*m**2 - 641*m - 22567. Give w(-32).
-7
Let h(c) = -11*c - 113. What is h(-16)?
63
Let o(h) = 2*h**3 + 7*h**2 - 4*h - 2. Calculate o(2).
34
Let g(r) = 27*r - 641. What is g(20)?
-101
Let t(h) = 7*h + 187. What is t(-26)?
5
Let g(s) = 55*s + 1709. Determine g(-31).
4
Let o(c) = 3*c**2 + 47*c - 298. Calculate o(-21).
38
Let j(k) = 3*k**2 + 175*k - 44. What is j(-57)?
-272
Let t(y) = -y**2 - 32*y - 196. Determine t(-8).
-4
Let u(f) = -f**3 - 11*f**2 + 34*f + 26. What is u(-11)?
-348
Let f(l) = 14*l - 96. What is f(21)?
198
Let t(s) = 7*s - 219. Give t(41).
68
Let l(p) = p**3 - 10*p**2 + 343*p - 2614. Determine l(8).
2
Let i(t) = 128*t + 8338. What is i(-65)?
18
Let k(p) = -p**2 + 22*p - 109. Calculate k(13).
8
Let z(h) = -15*h + 77. Determine z(8).
-43
Let a(p) = -3480*p + 17397. What is a(5)?
-3
Let q(m) = m**3 + m**2 - 16*m + 61. Determine q(4).
77
Let b(o) = 5*o**3 - 2*o**2 + 10*o + 8. Determine b(-3).
-175
Let k(m) = 4*m**3 - 1212*m**2 + 31*m - 9397. Determine k(303).
-4
Let x(n) = -324*n - 2618. Determine x(-8).
-26
Let t(h) = -26*h - 2246. Determine t(-86).
-10
Let i(a) = -2*a**3 - 10*a**2 + 112*a + 466. Determine i(-4).
-14
Let l(b) = -b**3 + 25*b**2 + 51*b - 44. What is l(27)?
-125
Let y(t) = -478*t + 3328. What is y(7)?
-18
Let a(o) = o**3 - 9*o**2 + 14*o + 10. What is a(2)?
10
Let y(q) = -q**3 + 3*q**2 - 4. What is y(-4)?
108
Let i(z) = -138*z - 7448. Determine i(-54).
4
Let x(k) = 117*k - 1525. Determine x(13).
-4
Let i(u) = 3*u**2 + 82*u + 654. Calculate i(-13).
95
Let d(m) = 6*m + 97. Give d(-12).
25
Let i(p) = p**3 + p**2 - 8*p + 10. Calculate i(5).
120
Let g(q) = -40*q - 2445. Calculate g(-61).
-5
Let s(y) = -17*y + 22. Give s(-16).
294
Let f(v) = 175*v**3 - 2*v**2 - 2*v - 2. Give f(-1).
-177
Let u(b) = 595*b - 4821. Calculate u(8).
-61
Let u(i) = i**2 + 332*i + 12183. Determine u(-42).
3
Let l(z) = -29*z**2 + z - 507. Give l(0).
-507
Let i(r) = -2*r**2 - 39*r + 647. Calculate i(11).
-24
Let x(b) = b**3 + 2*b**2 - 29*b - 12. What is x(-6)?
18
Let u(d) = d**3 + 55*d**2 + 46*d - 58. Give u(-54).
374
Let j(v) = -222*v - 1532. What is j(-6)?
-200
Let x(d) = -d**3 + 5*d**2 - 5*d - 34. What is x(-2)?
4
Let v(q) = q**2 + 95*q + 1855. Determine v(-68).
19
Let t(b) = 2*b**3 - 2*b**2 - 10*b + 19. Determine t(5).
169
Let x(b) = 3*b**3 + 173*b**2 - 54*b + 345. Give x(-58).
113
Let z(f) = 5*f**3 - 31*f**2 + f + 3. Calculate z(6).
-27
Let q(f) = 1578*f - 31558. Give q(20).
2
Let t(q) = 11*q**3 + 2*q**2 + 10*q + 291. Determine t(0).
291
Let z(p) = 2*p + 120. What is z(-8)?
104
Let h(z) = 7*z + 5. Give h(-3).
-16
Let p(z) = -z**2 - 17*z + 2. Calculate p(-21).
-82
Let d(a) = 92*a + 562. Calculate d(-6).
10
Let c(u) = 95*u - 939. What is c(10)?
11
Let y(i) = 485*i - 32986. Calculate y(68).
-6
Let a(v) = -3381*v - 37182. Calculate a(-11).
9
Let p(y) = -597*y - 2166. Determine p(-5).
819
Let s(y) = 51*y - 48. Calculate s(-5).
-303
Let q(r) = -8*r + 41. Give q(3).
17
Let p(n) = 11*n - 400. Determine p(27).
-103
Let q(x) = -2*x**2 + 4*x - 42. What is q(4)?
-58
Let a(s) = 328*s + 41981. What is a(-128)?
-3
Let c(z) = -4*z**3 - 20*z**2 - 126*z - 442. Determine c(-4).
-2
Let m(x) = -2*x**3 + 18*x**2 + 13*x - 14. What is m(8)?
218
Let v(q) = 2*q**3 + 75*q**2 + 685*q + 45. Calculate v(-22).
-21
Let b(v) = -4*v**3 - 13*v**2 - 12*v + 6. What is b(-5)?
241
Let l(q) = q**3 - 6*q**2 - 29*q + 15. What is l(8)?
-89
Let b(g) = -11*g**2 - 1748*g + 1909. Calculate b(-160).
-11
Let x(d) = 53*d + 723. What is x(-19)?
-284
Let a(m) = -36*m - 591. Give a(-17).
21
Let b(o) = 272*o - 1359. Determine b(5).
1
Let j(k) = 18*k**3 - 2*k**2 - 5*k - 5. Give j(-1).
-20
Let i(x) = x**3 - 13*x**2 + 251*x - 1929. Give i(9).
6
Let h(z) = 18*z - 349. Give h(20).
11
Let o(l) = -l**2 - 9*l + 3747. Calculate o(57).
-15
Let g(m) = 191*m - 51371. Determine g(269).
8
Let u(o) = -209*o**3 - o**2 - 4*o + 3. Calculate u(1).
-211
Let n(g) = 5*g**2 + 41*g - 417. What is n(6)?
9
Let c(d) = d**3 + 46*d**2 + 170*d + 61. What is c(-42)?
-23
Let b(n) = -3*n**2 + 22*n - 42. What is b(3)?
-3
Let i(u) = -55*u - 218. What is i(-4)?
2
Let x(l) = -5*l + 227. Determine x(38).
37
Let t(k) = -k**2 - 49*k - 572. Calculate t(-30).
-2
Let x(s) = -6*s**3 + 173*s**2 + 40*s - 314. Determine x(29).
5
Let w(b) = -474*b - 4284. Give w(-9).
-18
Let d(f) = 23*f**2 + 228*f. Give d(-10).
20
Let z(n) = -259*n - 2606. Give z(-10).
-16
Let l(d) = -d**3 - 318*d**2 + 3951*d - 2966. Determine l(-330).
4
Let c(i) = i**3 - 45*i**2 - 46*i + 10. Determine c(46).
10
Let g(u) = u**3 + 10*u**2 + 18*u + 27. What is g(-4)?
